{"id":83,"date":"2025-02-16T19:51:20","date_gmt":"2025-02-16T17:51:20","guid":{"rendered":"https:\/\/porvoonorkesteriyhdistys.fi\/?page_id=83"},"modified":"2025-12-04T15:46:15","modified_gmt":"2025-12-04T13:46:15","slug":"historia","status":"publish","type":"page","link":"https:\/\/porvoonorkesteriyhdistys.fi\/?page_id=83","title":{"rendered":"Orkesteri kaikille &#8211; En orkester f\u00f6r alla"},"content":{"rendered":"\n<div data-wp-context=\"{ &quot;autoclose&quot;: false, &quot;accordionItems&quot;: [] }\" data-wp-interactive=\"core\/accordion\" role=\"group\" class=\"wp-block-accordion is-layout-flow wp-block-accordion-is-layout-flow\">\n<div data-wp-class--is-open=\"state.isOpen\" data-wp-context=\"{ &quot;id&quot;: &quot;accordion-item-1&quot;, &quot;openByDefault&quot;: false }\" data-wp-init=\"callbacks.initAccordionItems\" data-wp-on-window--hashchange=\"callbacks.hashChange\" class=\"wp-block-accordion-item is-layout-flow wp-block-accordion-item-is-layout-flow\">\n<h3 class=\"wp-block-accordion-heading\"><button aria-expanded=\"false\" aria-controls=\"accordion-item-1-panel\" data-wp-bind--aria-expanded=\"state.isOpen\" data-wp-on--click=\"actions.toggle\" data-wp-on--keydown=\"actions.handleKeyDown\" id=\"accordion-item-1\" class=\"wp-block-accordion-heading__toggle\"><span class=\"wp-block-accordion-heading__toggle-title\">Orkesterns historia p\u00e5 svenska<\/span><span class=\"wp-block-accordion-heading__toggle-icon\" aria-hidden=\"true\">+<\/span><\/button><\/h3>\n\n\n\n<div inert aria-labelledby=\"accordion-item-1\" data-wp-bind--inert=\"!state.isOpen\" id=\"accordion-item-1-panel\" role=\"region\" class=\"wp-block-accordion-panel is-layout-flow wp-block-accordion-panel-is-layout-flow\">\n<p>Utdrag ur orkesterf\u00f6reningens historia med anledning av 90-\u00e5rsjubileet 2025.<\/p>\n\n\n\n<p><strong>Dr\u00f6mmen om en permanent stororkester<\/strong><\/p>\n\n\n\n<p>I b\u00f6rjan av 1900-talet hade Borg\u00e5 ett livligt musikliv. Ingen av dessa tidiga orkestrar blev best\u00e5ende. Man ans\u00e5g att Borg\u00e5 saknade en h\u00f6gklassig \u201dstororkester\u201d, en symfoniorkester. D\u00e4rf\u00f6r grundade Lennart Brunberg, aktiv i Borg\u00e5s tidiga str\u00e5korkestrar, Borg\u00e5 Orkesterf\u00f6rening i september 1935 tillsammans med andra orkesteraktiva.<\/p>\n\n\n\n<p>Efter andra v\u00e4rldskriget fortsatte orkestern sin ambiti\u00f6sa verksamhet med cirka 20 musiker. Orkestern upptr\u00e4dde m\u00e5ngsidigt i olika sammanhang under 1940- och 1950-talen, ibland \u00e4ven tillsammans med k\u00f6r.<\/p>\n\n\n\n<p><strong>Orkesterverksamheten v\u00e4xer<\/strong><\/p>\n\n\n\n<p>P\u00e5 1950-talet hade orkesterf\u00f6reningens verksamhet vuxit. Under Klas Gustafsons l\u00e5ngvariga ordf\u00f6randeskap ansvarade f\u00f6reningen \u00e4ven f\u00f6r musikundervisning och en elevorkester.<\/p>\n\n\n\n<p>Efterfr\u00e5gan p\u00e5 undervisning blev snabbt st\u00f6rre \u00e4n vad Orkesterf\u00f6reningen kunde erbjuda. P\u00e5 f\u00f6reningens initiativ b\u00f6rjade planeringen av Borg\u00e5 musikinstitut. Musikinstitutet grundades 1964 och tog \u00f6ver undervisningen, medan Orkesterf\u00f6reningen fortsatte att leda elevorkestern.<\/p>\n\n\n\n<p>Verksamheten var livlig under hela 1960-talet. Orkestern hade fullt antal musiker, gjorde resor till v\u00e4norter, skaffade nya instrument och ordnade m\u00e5nga andra aktiviteter. Den aktiva verksamheten fortsatte \u00e4ven under 1970- och 1980-talen, s\u00e4rskilt tack vare dirigenten Juho Alvas. \u00c5r 1985 hade orkestern rekordm\u00e5nga musiker, totalt 53.<\/p>\n\n\n\n<p><strong>En orkester f\u00f6r alla<\/strong><\/p>\n\n\n\n<p>Ekonomiska utmaningar och brist p\u00e5 kommunalt st\u00f6d skuggade orkesterns aktiva verksamhet genom hela 1900-talet. \u00c5r 1991 blev orkestern en del av kursutbudet p\u00e5 Borg\u00e5 medborgarinstitut (Kombi), vilket gjorde orkesterhobbyn tillg\u00e4nglig f\u00f6r alla. Numera st\u00f6ds orkesterns verksamhet centralt av Borg\u00e5 stad och Aktiastiftelsen.<\/p>\n\n\n\n<p>I b\u00f6rjan av 2000-talet ordnade orkestern flera \u00e5rliga konserter: fester, v\u00e4lg\u00f6renhetsevenemang med mera. Orkesterf\u00f6reningen genomf\u00f6rde ocks\u00e5 kr\u00e4vande projekt som en CD-skiva (2009) samt f\u00f6reningens 80-\u00e5rshistorik (2015) ut\u00f6ver den tidigare 60-\u00e5rshistoriken.<\/p>\n\n\n\n<p>Yrj\u00f6 L\u00e4nsirinne har varit en betydande profil inom orkesterf\u00f6reningen. Som aktiv musiker och medlem i \u00f6ver 50 \u00e5r, varav mer \u00e4n 20 \u00e5r som dirigent, utn\u00e4mndes L\u00e4nsirinne till hedersmedlem \u00e5r 2024. Ilpo Pokela, ocks\u00e5 hedersmedlem och fortfarande aktiv musiker, har spelat f\u00f6rsta fiol sedan 1973. Mer information om andra centrala personer finns i de historiker som n\u00e4mns nedan.<\/p>\n<\/div>\n<\/div>\n<\/div>\n\n\n\n<div data-wp-context=\"{ &quot;autoclose&quot;: false, &quot;accordionItems&quot;: [] }\" data-wp-interactive=\"core\/accordion\" role=\"group\" class=\"wp-block-accordion is-layout-flow wp-block-accordion-is-layout-flow\">\n<div data-wp-class--is-open=\"state.isOpen\" data-wp-context=\"{ &quot;id&quot;: &quot;accordion-item-2&quot;, &quot;openByDefault&quot;: false }\" data-wp-init=\"callbacks.initAccordionItems\" data-wp-on-window--hashchange=\"callbacks.hashChange\" class=\"wp-block-accordion-item is-layout-flow wp-block-accordion-item-is-layout-flow\">\n<h3 class=\"wp-block-accordion-heading\"><button aria-expanded=\"false\" aria-controls=\"accordion-item-2-panel\" data-wp-bind--aria-expanded=\"state.isOpen\" data-wp-on--click=\"actions.toggle\" data-wp-on--keydown=\"actions.handleKeyDown\" id=\"accordion-item-2\" class=\"wp-block-accordion-heading__toggle\"><span class=\"wp-block-accordion-heading__toggle-title\">Orkesterin historia suomeksi<\/span><span class=\"wp-block-accordion-heading__toggle-icon\" aria-hidden=\"true\">+<\/span><\/button><\/h3>\n\n\n\n<div inert aria-labelledby=\"accordion-item-2\" data-wp-bind--inert=\"!state.isOpen\" id=\"accordion-item-2-panel\" role=\"region\" class=\"wp-block-accordion-panel is-layout-flow wp-block-accordion-panel-is-layout-flow\">\n<p>Poimintoja orkesteriyhdistyksen historiasta 90. juhlavuoden kunniaksi. <\/p>\n\n\n\n<p><strong>Unelma pysyv\u00e4st\u00e4 suurorkesterista<\/strong><\/p>\n\n\n\n<p>Porvoossa oli 1900-luvun alussa vilkas musiikkiel\u00e4m\u00e4. Mik\u00e4\u00e4n n\u00e4ist\u00e4 varhaisista orkestereista ei kuitenkaan j\u00e4\u00e4nyt pysyv\u00e4ksi. N\u00e4htiin ett\u00e4 Porvoosta puuttui korkeatasoinen \u201dsuurorkesteri\u201d eli sinfoniaorkesteri. Porvoon varhaisissa jousiorkestereissa soittanut Lennart Brunberg perusti siksi Porvoon Orkesteriyhdistyksen syyskuussa 1935 yhdess\u00e4 muiden orkesteriaktiivien kanssa.<\/p>\n\n\n\n<p>Orkesteri jatkoi kunniahimoista toimintaansa toisen maailmansodan j\u00e4lkeen noin 20 muusikon voimin, esiintyen monipuolisesti eri yhteyksiss\u00e4 1940- ja 1950-luvuilla ja joskus my\u00f6s kuoron kanssa.<\/p>\n\n\n\n<p><strong>Orkesteritoiminta kasvaa<\/strong><\/p>\n\n\n\n<p>1950-luvulla orkesteriyhdistyksen toiminta oli kasvanut. Pitk\u00e4\u00e4n puheenjohtajana toimineen Klas Gustafsonin johdolla yhdistys vastasi my\u00f6s musiikkiopetuksesta ja oppilasorkesterista.<\/p>\n\n\n\n<p>Opetuksen kysynt\u00e4 kasvoi kuitenkin nopeasti suuremmaksi kuin mit\u00e4 Orkesteriyhdistyksell\u00e4 oli mahdollisuus tarjota. Orkesteriyhdistyksen aloitteesta alkoi Porvoon musiikkiopiston suunnittelu. Musiikkiopisto perustettiin 1964 ja otti vastuun opetuksesta, ja Orkesteriyhdistys jatkoi oppilasorkesterin johtamista.<\/p>\n\n\n\n<p>Toiminta oli vilkasta koko 1960-luvun ajan. Orkesterilla oli t\u00e4ysi soittajam\u00e4\u00e4r\u00e4, teki matkoja yst\u00e4vyyskaupunkeihin, hankki uusia instrumentteja ja j\u00e4rjesti monia muita aktiviteetteja. Toiminta jatkui vilkkaana my\u00f6s 1970- ja 1980-luvuilla, erityisesti kapellimestari Juho Alvaksen ansiosta. Vuonna 1985 orkesterissa oli enn\u00e4tysm\u00e4\u00e4r\u00e4 soittajia, yhteens\u00e4 53.<\/p>\n\n\n\n<p><strong>Orkesteri kaikille<\/strong><\/p>\n\n\n\n<p>Taloudelliset haasteet ja kunnallisen tuen puute varjostivat orkesterin aktiivista toimintaa l\u00e4pi 1900-luvun. Orkesteri liittyi vuonna 1991 osaksi Porvoon kansalaisopiston kurssitarjontaa mahdollistaen orkesteriharrastuksen kaikille. Nyky\u00e4\u00e4n Porvoon kaupunki ja Aktiastiftelsen tukevat keskeisesti orkesterin toimintaa.<\/p>\n\n\n\n<p>2000-luvun alussa orkesteri j\u00e4rjesti useita vuosittaisia konsertteja: juhlia, hyv\u00e4ntekev\u00e4isyystilaisuuksia ym. Orkesteriyhdistys toteutti my\u00f6s vaativia projekteja kuten CD-levyn (2009) sek\u00e4 yhdistyksen 80-vuotishistoriikin (2015) aiemman 60-vuotishistoriikin lis\u00e4ksi. <\/p>\n\n\n\n<p>Yrj\u00f6 L\u00e4nsirinne on ollut merkitt\u00e4v\u00e4 vaikuttaja orkesteriyhdistyksess\u00e4. Aktiivisena soittajaj\u00e4senen\u00e4 yli 50 vuotta, joista yli 20 vuotta kapellimestarina, L\u00e4nsirinne nimitettiin kunniaj\u00e4seneksi vuonna 2024. Ilpo Pokela, my\u00f6s kunniaj\u00e4sen ja edelleen aktiivinen muusikko, on soittanut 1. viulua vuodesta 1973. Lis\u00e4tietoa muista keskeisist\u00e4 henkil\u00f6ist\u00e4 l\u00f6ytyy alla mainituista historiikeista.<\/p>\n\n\n\n<p>Musiikin soittaminen yhdess\u00e4 edist\u00e4\u00e4 hyvinvointia, i\u00e4st\u00e4 ja osaamistasosta riippumatta. Sen Porvoon orkesteriyhdistys haluaa my\u00f6s jatkossa mahdollistaa. Tervetuloa mukaan!<\/p>\n<\/div>\n<\/div>\n<\/div>\n\n\n\n<hr class=\"wp-block-separator has-alpha-channel-opacity\"\/>\n\n\n\n<p><strong>Lue ja kuuntele lis\u00e4\u00e4 \u2013 L\u00e4s och lyssna mer<\/strong><\/p>\n\n\n\n<ul class=\"wp-block-list\">\n<li>Tuula Lemetti, <em>Borg\u00e5 Orkesterf\u00f6rening rf \u2013 80 \u00e5r musik med Borg\u00e5 krafter, \u00e5ren 1935\u20132015. Porvoon Orkesteriyhdistys ry \u2013 80 vuotta musiikkia porvoolaisin voimin, vuodet 1935\u20132015<\/em> (2015)<\/li>\n<\/ul>\n\n\n\n<ul class=\"wp-block-list\">\n<li>G\u00f6ran Sel\u00e9n, <em>Orkestermusiken i Borg\u00e5 \u2013 Historik till Borg\u00e5 Orkesterf\u00f6renings 60-\u00e5rsjubileum. <\/em><em>Orkesterimusiikkia Porvoossa \u2013 Porvoon Orkesteriyhdistyksen 60-vuotishistoriikki<\/em> (1995)<\/li>\n<\/ul>\n\n\n\n<ul class=\"wp-block-list\">\n<li>CD, <em>Hembygdsmusik fr\u00e5n Borg\u00e5. Kotiseutumusiikkia Porvoosta<\/em> (2009)<\/li>\n<\/ul>\n\n\n\n<p><\/p>\n\n\n\n<p><\/p>\n","protected":false},"excerpt":{"rendered":"<p>Lue ja kuuntele lis\u00e4\u00e4 \u2013 L\u00e4s och lyssna mer<\/p>\n","protected":false},"author":1,"featured_media":99,"parent":0,"menu_order":0,"comment_status":"closed","ping_status":"closed","template":"","meta":{"footnotes":""},"class_list":["post-83","page","type-page","status-publish","has-post-thumbnail","hentry"],"yoast_head":"<!-- This site is optimized with the Yoast SEO plugin v25.7 - https:\/\/yoast.com\/wordpress\/plugins\/seo\/ -->\n<title>Orkesteri kaikille - En orkester f\u00f6r alla - Porvoon orkesteriyhdistys \u2013 Borg\u00e5 orkesterf\u00f6rening<\/title>\n<meta name=\"robots\" content=\"index, follow, max-snippet:-1, max-image-preview:large, max-video-preview:-1\" \/>\n<link rel=\"canonical\" href=\"https:\/\/porvoonorkesteriyhdistys.fi\/?page_id=83\" \/>\n<meta property=\"og:locale\" content=\"fi_FI\" \/>\n<meta property=\"og:type\" content=\"article\" \/>\n<meta property=\"og:title\" content=\"Orkesteri kaikille - En orkester f\u00f6r alla - Porvoon orkesteriyhdistys \u2013 Borg\u00e5 orkesterf\u00f6rening\" \/>\n<meta property=\"og:description\" content=\"Lue ja kuuntele lis\u00e4\u00e4 \u2013 L\u00e4s och lyssna mer\" \/>\n<meta property=\"og:url\" content=\"https:\/\/porvoonorkesteriyhdistys.fi\/?page_id=83\" \/>\n<meta property=\"og:site_name\" content=\"Porvoon orkesteriyhdistys \u2013 Borg\u00e5 orkesterf\u00f6rening\" \/>\n<meta property=\"article:publisher\" content=\"https:\/\/www.facebook.com\/profile.php?id=100089253881744\" \/>\n<meta property=\"article:modified_time\" content=\"2025-12-04T13:46:15+00:00\" \/>\n<meta property=\"og:image\" content=\"https:\/\/porvoonorkesteriyhdistys.fi\/wp-content\/uploads\/2025\/02\/2147781804-kopiera.jpg\" \/>\n\t<meta property=\"og:image:width\" content=\"2000\" \/>\n\t<meta property=\"og:image:height\" content=\"271\" \/>\n\t<meta property=\"og:image:type\" content=\"image\/jpeg\" \/>\n<meta name=\"twitter:card\" content=\"summary_large_image\" \/>\n<meta name=\"twitter:label1\" content=\"Arvioitu lukuaika\" \/>\n\t<meta name=\"twitter:data1\" content=\"5 minuuttia\" \/>\n<script type=\"application\/ld+json\" class=\"yoast-schema-graph\">{\"@context\":\"https:\/\/schema.org\",\"@graph\":[{\"@type\":\"WebPage\",\"@id\":\"https:\/\/porvoonorkesteriyhdistys.fi\/?page_id=83\",\"url\":\"https:\/\/porvoonorkesteriyhdistys.fi\/?page_id=83\",\"name\":\"Orkesteri kaikille - En orkester f\u00f6r alla - Porvoon orkesteriyhdistys \u2013 Borg\u00e5 orkesterf\u00f6rening\",\"isPartOf\":{\"@id\":\"https:\/\/porvoonorkesteriyhdistys.fi\/#website\"},\"primaryImageOfPage\":{\"@id\":\"https:\/\/porvoonorkesteriyhdistys.fi\/?page_id=83#primaryimage\"},\"image\":{\"@id\":\"https:\/\/porvoonorkesteriyhdistys.fi\/?page_id=83#primaryimage\"},\"thumbnailUrl\":\"https:\/\/porvoonorkesteriyhdistys.fi\/wp-content\/uploads\/2025\/02\/2147781804-kopiera.jpg\",\"datePublished\":\"2025-02-16T17:51:20+00:00\",\"dateModified\":\"2025-12-04T13:46:15+00:00\",\"breadcrumb\":{\"@id\":\"https:\/\/porvoonorkesteriyhdistys.fi\/?page_id=83#breadcrumb\"},\"inLanguage\":\"fi\",\"potentialAction\":[{\"@type\":\"ReadAction\",\"target\":[\"https:\/\/porvoonorkesteriyhdistys.fi\/?page_id=83\"]}]},{\"@type\":\"ImageObject\",\"inLanguage\":\"fi\",\"@id\":\"https:\/\/porvoonorkesteriyhdistys.fi\/?page_id=83#primaryimage\",\"url\":\"https:\/\/porvoonorkesteriyhdistys.fi\/wp-content\/uploads\/2025\/02\/2147781804-kopiera.jpg\",\"contentUrl\":\"https:\/\/porvoonorkesteriyhdistys.fi\/wp-content\/uploads\/2025\/02\/2147781804-kopiera.jpg\",\"width\":2000,\"height\":271},{\"@type\":\"BreadcrumbList\",\"@id\":\"https:\/\/porvoonorkesteriyhdistys.fi\/?page_id=83#breadcrumb\",\"itemListElement\":[{\"@type\":\"ListItem\",\"position\":1,\"name\":\"Etusivu\",\"item\":\"https:\/\/porvoonorkesteriyhdistys.fi\/\"},{\"@type\":\"ListItem\",\"position\":2,\"name\":\"Orkesteri kaikille &#8211; En orkester f\u00f6r alla\"}]},{\"@type\":\"WebSite\",\"@id\":\"https:\/\/porvoonorkesteriyhdistys.fi\/#website\",\"url\":\"https:\/\/porvoonorkesteriyhdistys.fi\/\",\"name\":\"Porvoon orkesteriyhdistys \u2013 Borg\u00e5 orkesterf\u00f6rening\",\"description\":\"Porvoolainen orkesteri vuodesta 1935 \u2013 Orkester i Borg\u00e5 sedan 1935\",\"publisher\":{\"@id\":\"https:\/\/porvoonorkesteriyhdistys.fi\/#organization\"},\"potentialAction\":[{\"@type\":\"SearchAction\",\"target\":{\"@type\":\"EntryPoint\",\"urlTemplate\":\"https:\/\/porvoonorkesteriyhdistys.fi\/?s={search_term_string}\"},\"query-input\":{\"@type\":\"PropertyValueSpecification\",\"valueRequired\":true,\"valueName\":\"search_term_string\"}}],\"inLanguage\":\"fi\"},{\"@type\":\"Organization\",\"@id\":\"https:\/\/porvoonorkesteriyhdistys.fi\/#organization\",\"name\":\"Porvoon orkesteriyhdistys \u2013 Borg\u00e5 orkesterf\u00f6rening\",\"url\":\"https:\/\/porvoonorkesteriyhdistys.fi\/\",\"logo\":{\"@type\":\"ImageObject\",\"inLanguage\":\"fi\",\"@id\":\"https:\/\/porvoonorkesteriyhdistys.fi\/#\/schema\/logo\/image\/\",\"url\":\"https:\/\/porvoonorkesteriyhdistys.fi\/wp-content\/uploads\/2025\/02\/BOF-POY-logo-musta.png\",\"contentUrl\":\"https:\/\/porvoonorkesteriyhdistys.fi\/wp-content\/uploads\/2025\/02\/BOF-POY-logo-musta.png\",\"width\":2155,\"height\":474,\"caption\":\"Porvoon orkesteriyhdistys \u2013 Borg\u00e5 orkesterf\u00f6rening\"},\"image\":{\"@id\":\"https:\/\/porvoonorkesteriyhdistys.fi\/#\/schema\/logo\/image\/\"},\"sameAs\":[\"https:\/\/www.facebook.com\/profile.php?id=100089253881744\"]}]}<\/script>\n<!-- \/ Yoast SEO plugin. -->","yoast_head_json":{"title":"Orkesteri kaikille - En orkester f\u00f6r alla - Porvoon orkesteriyhdistys \u2013 Borg\u00e5 orkesterf\u00f6rening","robots":{"index":"index","follow":"follow","max-snippet":"max-snippet:-1","max-image-preview":"max-image-preview:large","max-video-preview":"max-video-preview:-1"},"canonical":"https:\/\/porvoonorkesteriyhdistys.fi\/?page_id=83","og_locale":"fi_FI","og_type":"article","og_title":"Orkesteri kaikille - En orkester f\u00f6r alla - Porvoon orkesteriyhdistys \u2013 Borg\u00e5 orkesterf\u00f6rening","og_description":"Lue ja kuuntele lis\u00e4\u00e4 \u2013 L\u00e4s och lyssna mer","og_url":"https:\/\/porvoonorkesteriyhdistys.fi\/?page_id=83","og_site_name":"Porvoon orkesteriyhdistys \u2013 Borg\u00e5 orkesterf\u00f6rening","article_publisher":"https:\/\/www.facebook.com\/profile.php?id=100089253881744","article_modified_time":"2025-12-04T13:46:15+00:00","og_image":[{"width":2000,"height":271,"url":"https:\/\/porvoonorkesteriyhdistys.fi\/wp-content\/uploads\/2025\/02\/2147781804-kopiera.jpg","type":"image\/jpeg"}],"twitter_card":"summary_large_image","twitter_misc":{"Arvioitu lukuaika":"5 minuuttia"},"schema":{"@context":"https:\/\/schema.org","@graph":[{"@type":"WebPage","@id":"https:\/\/porvoonorkesteriyhdistys.fi\/?page_id=83","url":"https:\/\/porvoonorkesteriyhdistys.fi\/?page_id=83","name":"Orkesteri kaikille - En orkester f\u00f6r alla - Porvoon orkesteriyhdistys \u2013 Borg\u00e5 orkesterf\u00f6rening","isPartOf":{"@id":"https:\/\/porvoonorkesteriyhdistys.fi\/#website"},"primaryImageOfPage":{"@id":"https:\/\/porvoonorkesteriyhdistys.fi\/?page_id=83#primaryimage"},"image":{"@id":"https:\/\/porvoonorkesteriyhdistys.fi\/?page_id=83#primaryimage"},"thumbnailUrl":"https:\/\/porvoonorkesteriyhdistys.fi\/wp-content\/uploads\/2025\/02\/2147781804-kopiera.jpg","datePublished":"2025-02-16T17:51:20+00:00","dateModified":"2025-12-04T13:46:15+00:00","breadcrumb":{"@id":"https:\/\/porvoonorkesteriyhdistys.fi\/?page_id=83#breadcrumb"},"inLanguage":"fi","potentialAction":[{"@type":"ReadAction","target":["https:\/\/porvoonorkesteriyhdistys.fi\/?page_id=83"]}]},{"@type":"ImageObject","inLanguage":"fi","@id":"https:\/\/porvoonorkesteriyhdistys.fi\/?page_id=83#primaryimage","url":"https:\/\/porvoonorkesteriyhdistys.fi\/wp-content\/uploads\/2025\/02\/2147781804-kopiera.jpg","contentUrl":"https:\/\/porvoonorkesteriyhdistys.fi\/wp-content\/uploads\/2025\/02\/2147781804-kopiera.jpg","width":2000,"height":271},{"@type":"BreadcrumbList","@id":"https:\/\/porvoonorkesteriyhdistys.fi\/?page_id=83#breadcrumb","itemListElement":[{"@type":"ListItem","position":1,"name":"Etusivu","item":"https:\/\/porvoonorkesteriyhdistys.fi\/"},{"@type":"ListItem","position":2,"name":"Orkesteri kaikille &#8211; En orkester f\u00f6r alla"}]},{"@type":"WebSite","@id":"https:\/\/porvoonorkesteriyhdistys.fi\/#website","url":"https:\/\/porvoonorkesteriyhdistys.fi\/","name":"Porvoon orkesteriyhdistys \u2013 Borg\u00e5 orkesterf\u00f6rening","description":"Porvoolainen orkesteri vuodesta 1935 \u2013 Orkester i Borg\u00e5 sedan 1935","publisher":{"@id":"https:\/\/porvoonorkesteriyhdistys.fi\/#organization"},"potentialAction":[{"@type":"SearchAction","target":{"@type":"EntryPoint","urlTemplate":"https:\/\/porvoonorkesteriyhdistys.fi\/?s={search_term_string}"},"query-input":{"@type":"PropertyValueSpecification","valueRequired":true,"valueName":"search_term_string"}}],"inLanguage":"fi"},{"@type":"Organization","@id":"https:\/\/porvoonorkesteriyhdistys.fi\/#organization","name":"Porvoon orkesteriyhdistys \u2013 Borg\u00e5 orkesterf\u00f6rening","url":"https:\/\/porvoonorkesteriyhdistys.fi\/","logo":{"@type":"ImageObject","inLanguage":"fi","@id":"https:\/\/porvoonorkesteriyhdistys.fi\/#\/schema\/logo\/image\/","url":"https:\/\/porvoonorkesteriyhdistys.fi\/wp-content\/uploads\/2025\/02\/BOF-POY-logo-musta.png","contentUrl":"https:\/\/porvoonorkesteriyhdistys.fi\/wp-content\/uploads\/2025\/02\/BOF-POY-logo-musta.png","width":2155,"height":474,"caption":"Porvoon orkesteriyhdistys \u2013 Borg\u00e5 orkesterf\u00f6rening"},"image":{"@id":"https:\/\/porvoonorkesteriyhdistys.fi\/#\/schema\/logo\/image\/"},"sameAs":["https:\/\/www.facebook.com\/profile.php?id=100089253881744"]}]}},"_links":{"self":[{"href":"https:\/\/porvoonorkesteriyhdistys.fi\/index.php?rest_route=\/wp\/v2\/pages\/83","targetHints":{"allow":["GET"]}}],"collection":[{"href":"https:\/\/porvoonorkesteriyhdistys.fi\/index.php?rest_route=\/wp\/v2\/pages"}],"about":[{"href":"https:\/\/porvoonorkesteriyhdistys.fi\/index.php?rest_route=\/wp\/v2\/types\/page"}],"author":[{"embeddable":true,"href":"https:\/\/porvoonorkesteriyhdistys.fi\/index.php?rest_route=\/wp\/v2\/users\/1"}],"replies":[{"embeddable":true,"href":"https:\/\/porvoonorkesteriyhdistys.fi\/index.php?rest_route=%2Fwp%2Fv2%2Fcomments&post=83"}],"version-history":[{"count":15,"href":"https:\/\/porvoonorkesteriyhdistys.fi\/index.php?rest_route=\/wp\/v2\/pages\/83\/revisions"}],"predecessor-version":[{"id":245,"href":"https:\/\/porvoonorkesteriyhdistys.fi\/index.php?rest_route=\/wp\/v2\/pages\/83\/revisions\/245"}],"wp:featuredmedia":[{"embeddable":true,"href":"https:\/\/porvoonorkesteriyhdistys.fi\/index.php?rest_route=\/wp\/v2\/media\/99"}],"wp:attachment":[{"href":"https:\/\/porvoonorkesteriyhdistys.fi\/index.php?rest_route=%2Fwp%2Fv2%2Fmedia&parent=83"}],"curies":[{"name":"wp","href":"https:\/\/api.w.org\/{rel}","templated":true}]}}