{"id":47,"date":"2025-02-14T13:45:51","date_gmt":"2025-02-14T11:45:51","guid":{"rendered":"https:\/\/porvoonorkesteriyhdistys.fi\/?page_id=47"},"modified":"2025-08-13T13:57:35","modified_gmt":"2025-08-13T10:57:35","slug":"info","status":"publish","type":"page","link":"https:\/\/porvoonorkesteriyhdistys.fi\/?page_id=47","title":{"rendered":"Yhteys \u2013 Kontakt"},"content":{"rendered":"\n<div class=\"wp-block-group is-nowrap is-layout-flex wp-container-core-group-is-layout-f66f9956 wp-block-group-is-layout-flex\">\n<p><em>Kapellimestari &#8211; Dirigent<\/em><br><strong>Erik Hippi<\/strong> <br>040 8295996<br>erikhippi[\u00e4t]gmail[.]com<br><\/p>\n\n\n\n<p><em>Orkesteriyhdistyksen puheenjohtaja<br>Orkesterf\u00f6reningens ordf\u00f6rande<\/em><br><strong>Antti Pokela<\/strong><br>050 5301327 <br>apokela[\u00e4t]gmail[.]com<\/p>\n<\/div>\n\n\n\n<p><a data-type=\"link\" data-id=\"https:\/\/www.facebook.com\/profile.php?id=100089253881744\" href=\"https:\/\/www.facebook.com\/profile.php?id=100089253881744\">Porvoon Orkesteriyhdistys Facebookissa \u2013 Borg\u00e5 Orkesterf\u00f6rening p\u00e5 Facebook<\/a><\/p>\n\n\n\n<figure class=\"wp-block-image size-large is-resized\"><img loading=\"lazy\" decoding=\"async\" width=\"2560\" height=\"1439\" src=\"https:\/\/porvoonorkesteriyhdistys.fi\/wp-content\/uploads\/2025\/04\/20775704_v1059-039c-edited-scaled.jpg\" alt=\"\" class=\"wp-image-147\" style=\"width:576px;height:auto\" srcset=\"https:\/\/porvoonorkesteriyhdistys.fi\/wp-content\/uploads\/2025\/04\/20775704_v1059-039c-edited-scaled.jpg 2560w, https:\/\/porvoonorkesteriyhdistys.fi\/wp-content\/uploads\/2025\/04\/20775704_v1059-039c-edited-300x169.jpg 300w, https:\/\/porvoonorkesteriyhdistys.fi\/wp-content\/uploads\/2025\/04\/20775704_v1059-039c-edited-1024x576.jpg 1024w, https:\/\/porvoonorkesteriyhdistys.fi\/wp-content\/uploads\/2025\/04\/20775704_v1059-039c-edited-768x432.jpg 768w, https:\/\/porvoonorkesteriyhdistys.fi\/wp-content\/uploads\/2025\/04\/20775704_v1059-039c-edited-1536x864.jpg 1536w, https:\/\/porvoonorkesteriyhdistys.fi\/wp-content\/uploads\/2025\/04\/20775704_v1059-039c-edited-2048x1151.jpg 2048w\" sizes=\"auto, (max-width: 2560px) 100vw, 2560px\" \/><\/figure>\n\n\n\n<p><\/p>\n","protected":false},"excerpt":{"rendered":"<p>Kapellimestari &#8211; DirigentErik Hippi 040 8295996erikhippi[\u00e4t]gmail[.]com Orkesteriyhdistyksen puheenjohtajaOrkesterf\u00f6reningens ordf\u00f6randeAntti Pokela050 5301327 apokela[\u00e4t]gmail[.]com Porvoon Orkesteriyhdistys Facebookissa \u2013 Borg\u00e5 Orkesterf\u00f6rening p\u00e5 Facebook<\/p>\n","protected":false},"author":1,"featured_media":0,"parent":0,"menu_order":0,"comment_status":"closed","ping_status":"closed","template":"","meta":{"footnotes":""},"class_list":["post-47","page","type-page","status-publish","hentry"],"yoast_head":"<!-- This site is optimized with the Yoast SEO plugin v25.7 - https:\/\/yoast.com\/wordpress\/plugins\/seo\/ -->\n<title>Yhteys \u2013 Kontakt - Porvoon orkesteriyhdistys \u2013 Borg\u00e5 orkesterf\u00f6rening<\/title>\n<meta name=\"description\" content=\"Porvoon orkesteriyhdistys yhteystiedot - Borg\u00e5 orkesterf\u00f6rening kontaktuppgifter\" \/>\n<meta name=\"robots\" content=\"index, follow, max-snippet:-1, max-image-preview:large, max-video-preview:-1\" \/>\n<link rel=\"canonical\" href=\"https:\/\/porvoonorkesteriyhdistys.fi\/?page_id=47\" \/>\n<meta property=\"og:locale\" content=\"fi_FI\" \/>\n<meta property=\"og:type\" content=\"article\" \/>\n<meta property=\"og:title\" content=\"Yhteys \u2013 Kontakt - Porvoon orkesteriyhdistys \u2013 Borg\u00e5 orkesterf\u00f6rening\" \/>\n<meta property=\"og:description\" content=\"Porvoon orkesteriyhdistys yhteystiedot - Borg\u00e5 orkesterf\u00f6rening kontaktuppgifter\" \/>\n<meta property=\"og:url\" content=\"https:\/\/porvoonorkesteriyhdistys.fi\/?page_id=47\" \/>\n<meta property=\"og:site_name\" content=\"Porvoon orkesteriyhdistys \u2013 Borg\u00e5 orkesterf\u00f6rening\" \/>\n<meta property=\"article:publisher\" content=\"https:\/\/www.facebook.com\/profile.php?id=100089253881744\" \/>\n<meta property=\"article:modified_time\" content=\"2025-08-13T10:57:35+00:00\" \/>\n<meta property=\"og:image\" content=\"https:\/\/porvoonorkesteriyhdistys.fi\/wp-content\/uploads\/2025\/04\/20775704_v1059-039c-edited-scaled.jpg\" \/>\n\t<meta property=\"og:image:width\" content=\"2560\" \/>\n\t<meta property=\"og:image:height\" content=\"1439\" \/>\n\t<meta property=\"og:image:type\" content=\"image\/jpeg\" \/>\n<meta name=\"twitter:card\" content=\"summary_large_image\" \/>\n<meta name=\"twitter:label1\" content=\"Arvioitu lukuaika\" \/>\n\t<meta name=\"twitter:data1\" content=\"1 minuutti\" \/>\n<script type=\"application\/ld+json\" class=\"yoast-schema-graph\">{\"@context\":\"https:\/\/schema.org\",\"@graph\":[{\"@type\":\"WebPage\",\"@id\":\"https:\/\/porvoonorkesteriyhdistys.fi\/?page_id=47\",\"url\":\"https:\/\/porvoonorkesteriyhdistys.fi\/?page_id=47\",\"name\":\"Yhteys \u2013 Kontakt - Porvoon orkesteriyhdistys \u2013 Borg\u00e5 orkesterf\u00f6rening\",\"isPartOf\":{\"@id\":\"https:\/\/porvoonorkesteriyhdistys.fi\/#website\"},\"primaryImageOfPage\":{\"@id\":\"https:\/\/porvoonorkesteriyhdistys.fi\/?page_id=47#primaryimage\"},\"image\":{\"@id\":\"https:\/\/porvoonorkesteriyhdistys.fi\/?page_id=47#primaryimage\"},\"thumbnailUrl\":\"https:\/\/porvoonorkesteriyhdistys.fi\/wp-content\/uploads\/2025\/04\/20775704_v1059-039c-edited-scaled.jpg\",\"datePublished\":\"2025-02-14T11:45:51+00:00\",\"dateModified\":\"2025-08-13T10:57:35+00:00\",\"description\":\"Porvoon orkesteriyhdistys yhteystiedot - Borg\u00e5 orkesterf\u00f6rening kontaktuppgifter\",\"breadcrumb\":{\"@id\":\"https:\/\/porvoonorkesteriyhdistys.fi\/?page_id=47#breadcrumb\"},\"inLanguage\":\"fi\",\"potentialAction\":[{\"@type\":\"ReadAction\",\"target\":[\"https:\/\/porvoonorkesteriyhdistys.fi\/?page_id=47\"]}]},{\"@type\":\"ImageObject\",\"inLanguage\":\"fi\",\"@id\":\"https:\/\/porvoonorkesteriyhdistys.fi\/?page_id=47#primaryimage\",\"url\":\"https:\/\/porvoonorkesteriyhdistys.fi\/wp-content\/uploads\/2025\/04\/20775704_v1059-039c-edited-scaled.jpg\",\"contentUrl\":\"https:\/\/porvoonorkesteriyhdistys.fi\/wp-content\/uploads\/2025\/04\/20775704_v1059-039c-edited-scaled.jpg\",\"width\":2560,\"height\":1439,\"caption\":\"Colorful aesthetic background, musical instrument border in retro design vector\"},{\"@type\":\"BreadcrumbList\",\"@id\":\"https:\/\/porvoonorkesteriyhdistys.fi\/?page_id=47#breadcrumb\",\"itemListElement\":[{\"@type\":\"ListItem\",\"position\":1,\"name\":\"Etusivu\",\"item\":\"https:\/\/porvoonorkesteriyhdistys.fi\/\"},{\"@type\":\"ListItem\",\"position\":2,\"name\":\"Yhteys \u2013 Kontakt\"}]},{\"@type\":\"WebSite\",\"@id\":\"https:\/\/porvoonorkesteriyhdistys.fi\/#website\",\"url\":\"https:\/\/porvoonorkesteriyhdistys.fi\/\",\"name\":\"Porvoon orkesteriyhdistys \u2013 Borg\u00e5 orkesterf\u00f6rening\",\"description\":\"Porvoolainen orkesteri vuodesta 1935 \u2013 Orkester i Borg\u00e5 sedan 1935\",\"publisher\":{\"@id\":\"https:\/\/porvoonorkesteriyhdistys.fi\/#organization\"},\"potentialAction\":[{\"@type\":\"SearchAction\",\"target\":{\"@type\":\"EntryPoint\",\"urlTemplate\":\"https:\/\/porvoonorkesteriyhdistys.fi\/?s={search_term_string}\"},\"query-input\":{\"@type\":\"PropertyValueSpecification\",\"valueRequired\":true,\"valueName\":\"search_term_string\"}}],\"inLanguage\":\"fi\"},{\"@type\":\"Organization\",\"@id\":\"https:\/\/porvoonorkesteriyhdistys.fi\/#organization\",\"name\":\"Porvoon orkesteriyhdistys \u2013 Borg\u00e5 orkesterf\u00f6rening\",\"url\":\"https:\/\/porvoonorkesteriyhdistys.fi\/\",\"logo\":{\"@type\":\"ImageObject\",\"inLanguage\":\"fi\",\"@id\":\"https:\/\/porvoonorkesteriyhdistys.fi\/#\/schema\/logo\/image\/\",\"url\":\"https:\/\/porvoonorkesteriyhdistys.fi\/wp-content\/uploads\/2025\/02\/BOF-POY-logo-musta.png\",\"contentUrl\":\"https:\/\/porvoonorkesteriyhdistys.fi\/wp-content\/uploads\/2025\/02\/BOF-POY-logo-musta.png\",\"width\":2155,\"height\":474,\"caption\":\"Porvoon orkesteriyhdistys \u2013 Borg\u00e5 orkesterf\u00f6rening\"},\"image\":{\"@id\":\"https:\/\/porvoonorkesteriyhdistys.fi\/#\/schema\/logo\/image\/\"},\"sameAs\":[\"https:\/\/www.facebook.com\/profile.php?id=100089253881744\"]}]}<\/script>\n<!-- \/ Yoast SEO plugin. -->","yoast_head_json":{"title":"Yhteys \u2013 Kontakt - Porvoon orkesteriyhdistys \u2013 Borg\u00e5 orkesterf\u00f6rening","description":"Porvoon orkesteriyhdistys yhteystiedot - Borg\u00e5 orkesterf\u00f6rening kontaktuppgifter","robots":{"index":"index","follow":"follow","max-snippet":"max-snippet:-1","max-image-preview":"max-image-preview:large","max-video-preview":"max-video-preview:-1"},"canonical":"https:\/\/porvoonorkesteriyhdistys.fi\/?page_id=47","og_locale":"fi_FI","og_type":"article","og_title":"Yhteys \u2013 Kontakt - Porvoon orkesteriyhdistys \u2013 Borg\u00e5 orkesterf\u00f6rening","og_description":"Porvoon orkesteriyhdistys yhteystiedot - Borg\u00e5 orkesterf\u00f6rening kontaktuppgifter","og_url":"https:\/\/porvoonorkesteriyhdistys.fi\/?page_id=47","og_site_name":"Porvoon orkesteriyhdistys \u2013 Borg\u00e5 orkesterf\u00f6rening","article_publisher":"https:\/\/www.facebook.com\/profile.php?id=100089253881744","article_modified_time":"2025-08-13T10:57:35+00:00","og_image":[{"width":2560,"height":1439,"url":"https:\/\/porvoonorkesteriyhdistys.fi\/wp-content\/uploads\/2025\/04\/20775704_v1059-039c-edited-scaled.jpg","type":"image\/jpeg"}],"twitter_card":"summary_large_image","twitter_misc":{"Arvioitu lukuaika":"1 minuutti"},"schema":{"@context":"https:\/\/schema.org","@graph":[{"@type":"WebPage","@id":"https:\/\/porvoonorkesteriyhdistys.fi\/?page_id=47","url":"https:\/\/porvoonorkesteriyhdistys.fi\/?page_id=47","name":"Yhteys \u2013 Kontakt - Porvoon orkesteriyhdistys \u2013 Borg\u00e5 orkesterf\u00f6rening","isPartOf":{"@id":"https:\/\/porvoonorkesteriyhdistys.fi\/#website"},"primaryImageOfPage":{"@id":"https:\/\/porvoonorkesteriyhdistys.fi\/?page_id=47#primaryimage"},"image":{"@id":"https:\/\/porvoonorkesteriyhdistys.fi\/?page_id=47#primaryimage"},"thumbnailUrl":"https:\/\/porvoonorkesteriyhdistys.fi\/wp-content\/uploads\/2025\/04\/20775704_v1059-039c-edited-scaled.jpg","datePublished":"2025-02-14T11:45:51+00:00","dateModified":"2025-08-13T10:57:35+00:00","description":"Porvoon orkesteriyhdistys yhteystiedot - Borg\u00e5 orkesterf\u00f6rening kontaktuppgifter","breadcrumb":{"@id":"https:\/\/porvoonorkesteriyhdistys.fi\/?page_id=47#breadcrumb"},"inLanguage":"fi","potentialAction":[{"@type":"ReadAction","target":["https:\/\/porvoonorkesteriyhdistys.fi\/?page_id=47"]}]},{"@type":"ImageObject","inLanguage":"fi","@id":"https:\/\/porvoonorkesteriyhdistys.fi\/?page_id=47#primaryimage","url":"https:\/\/porvoonorkesteriyhdistys.fi\/wp-content\/uploads\/2025\/04\/20775704_v1059-039c-edited-scaled.jpg","contentUrl":"https:\/\/porvoonorkesteriyhdistys.fi\/wp-content\/uploads\/2025\/04\/20775704_v1059-039c-edited-scaled.jpg","width":2560,"height":1439,"caption":"Colorful aesthetic background, musical instrument border in retro design vector"},{"@type":"BreadcrumbList","@id":"https:\/\/porvoonorkesteriyhdistys.fi\/?page_id=47#breadcrumb","itemListElement":[{"@type":"ListItem","position":1,"name":"Etusivu","item":"https:\/\/porvoonorkesteriyhdistys.fi\/"},{"@type":"ListItem","position":2,"name":"Yhteys \u2013 Kontakt"}]},{"@type":"WebSite","@id":"https:\/\/porvoonorkesteriyhdistys.fi\/#website","url":"https:\/\/porvoonorkesteriyhdistys.fi\/","name":"Porvoon orkesteriyhdistys \u2013 Borg\u00e5 orkesterf\u00f6rening","description":"Porvoolainen orkesteri vuodesta 1935 \u2013 Orkester i Borg\u00e5 sedan 1935","publisher":{"@id":"https:\/\/porvoonorkesteriyhdistys.fi\/#organization"},"potentialAction":[{"@type":"SearchAction","target":{"@type":"EntryPoint","urlTemplate":"https:\/\/porvoonorkesteriyhdistys.fi\/?s={search_term_string}"},"query-input":{"@type":"PropertyValueSpecification","valueRequired":true,"valueName":"search_term_string"}}],"inLanguage":"fi"},{"@type":"Organization","@id":"https:\/\/porvoonorkesteriyhdistys.fi\/#organization","name":"Porvoon orkesteriyhdistys \u2013 Borg\u00e5 orkesterf\u00f6rening","url":"https:\/\/porvoonorkesteriyhdistys.fi\/","logo":{"@type":"ImageObject","inLanguage":"fi","@id":"https:\/\/porvoonorkesteriyhdistys.fi\/#\/schema\/logo\/image\/","url":"https:\/\/porvoonorkesteriyhdistys.fi\/wp-content\/uploads\/2025\/02\/BOF-POY-logo-musta.png","contentUrl":"https:\/\/porvoonorkesteriyhdistys.fi\/wp-content\/uploads\/2025\/02\/BOF-POY-logo-musta.png","width":2155,"height":474,"caption":"Porvoon orkesteriyhdistys \u2013 Borg\u00e5 orkesterf\u00f6rening"},"image":{"@id":"https:\/\/porvoonorkesteriyhdistys.fi\/#\/schema\/logo\/image\/"},"sameAs":["https:\/\/www.facebook.com\/profile.php?id=100089253881744"]}]}},"_links":{"self":[{"href":"https:\/\/porvoonorkesteriyhdistys.fi\/index.php?rest_route=\/wp\/v2\/pages\/47","targetHints":{"allow":["GET"]}}],"collection":[{"href":"https:\/\/porvoonorkesteriyhdistys.fi\/index.php?rest_route=\/wp\/v2\/pages"}],"about":[{"href":"https:\/\/porvoonorkesteriyhdistys.fi\/index.php?rest_route=\/wp\/v2\/types\/page"}],"author":[{"embeddable":true,"href":"https:\/\/porvoonorkesteriyhdistys.fi\/index.php?rest_route=\/wp\/v2\/users\/1"}],"replies":[{"embeddable":true,"href":"https:\/\/porvoonorkesteriyhdistys.fi\/index.php?rest_route=%2Fwp%2Fv2%2Fcomments&post=47"}],"version-history":[{"count":12,"href":"https:\/\/porvoonorkesteriyhdistys.fi\/index.php?rest_route=\/wp\/v2\/pages\/47\/revisions"}],"predecessor-version":[{"id":213,"href":"https:\/\/porvoonorkesteriyhdistys.fi\/index.php?rest_route=\/wp\/v2\/pages\/47\/revisions\/213"}],"wp:attachment":[{"href":"https:\/\/porvoonorkesteriyhdistys.fi\/index.php?rest_route=%2Fwp%2Fv2%2Fmedia&parent=47"}],"curies":[{"name":"wp","href":"https:\/\/api.w.org\/{rel}","templated":true}]}}